7
Let w(s) = -s**2 - 2 + 0*s**2 - 11 + 16 + 13 + s. Determine w(0).
16
Let w(g) = g**3 - 56*g**2 - 19*g + 1091. Let r be w(56). Let k(o) = o**3 - 28*o**2 + 24*o + 78. Give k(r).
-3
Let m(n) = -n**3 + 16*n**2 - 25*n - 33. Let v(p) = -p**3 + 44*p**2 - 481*p - 28. Let z be v(21). What is m(z)?
9
Let v(a) = -23*a + 40. Let d(k) = 9*k - 19. Let u(c) = 5*d(c) + 2*v(c). Determine u(-11).
-4
Let o(r) = 1 - 3872*r + 3869*r + 4 - 2*r**3 + 4*r**2 + r**2. Determine o(2).
3
Let g(x) = -x**2 + 4*x - 8. Let w be (0 - (0 + -7)) + 15 + -19. Let v be (-392)/(-40) - w - 1/(-5). Calculate g(v).
-29
Let a(k) = 4*k**2 + 0*k**2 + 4 - 5 - 3*k**2 - k. Suppose 9 = -3*u, -2*u - 1 = -3*j - 10. What is a(j)?
29
Let n = -101 - -111. Suppose -n = -11*x + 1. Let i(t) = 18*t. Give i(x).
18
Let m(z) = -41*z**3 - 3*z**2 - 9*z - 3. Let t(g) = -127*g**3 - 8*g**2 - 25*g - 8. Let r(l) = -11*m(l) + 4*t(l). Calculate r(1).
-56
Let v(t) = -8*t. Suppose -2*y - 3*u = -113, 121 = 2*y - 18*u + 13*u. Suppose -5*r + y = 68. Calculate v(r).
16
Let q(p) = 14*p**3 - 48*p**2 + 53*p + 702. Let v(i) = 5*i**3 - 16*i**2 + 18*i + 251. Let f(t) = -6*q(t) + 17*v(t). Give f(-17).
-30
Let j(h) = -2*h**2 + 3*h - 1. Let s = -784 + 789. Determine j(s).
-36
Suppose -3*x = 5*c - 229 + 230, 0 = 4*c - 4*x - 12. Let n(t) = 2*t + 1. Give n(c).
3
Let q = 2 + -2. Let o = q + -1. Let h(d) = -2*d - 5*d**2 - 608 + 1087 + 3*d - 478. Determine h(o).
-5
Let h(u) = 7*u**3 + u**2. Let p(c) = 2*c + 25. Let d be p(11). Suppose 0 = 4*x - 3*g + 166, x + 2*g + d = -0*x. Let j = 44 + x. Calculate h(j).
8
Let s(b) = 77*b + 695. Let n be (12/(6/3) + -15)/(22 - 21). Determine s(n).
2
Let d(z) be the second derivative of z**6/360 + z**5/40 + 7*z**4/24 + z**3/3 + 79*z**2/2 + 36*z - 1. Let l(k) be the second derivative of d(k). What is l(-3)?
7
Suppose -16*j + 72 + 8 = 0. Let f be ((-22)/55 - 1) + 2/j. Let b(q) be the first derivative of -9*q**2 + q - 1. Give b(f).
19
Let s(v) be the second derivative of -1/6*v**3 + 0 - v**2 + 50*v. Give s(-6).
4
Suppose 9*u - 213 + 123 = 0. Let r(a) = -4 - u*a**2 + 39*a**2 - 17*a**2 - 7*a - 15*a**2 + 2*a. Let w = -3 + 0. Give r(w).
-16
Suppose 3*p - 3*y + 2 - 8 = 0, 0 = -5*p - 5*y - 10. Suppose 9*k - 8*k + 5 = p. Let b(w) = 8*w - 7 + 9*w - 20*w. Give b(k).
8
Let d = -32 - -28. Let n be ((d - -2) + 0)*(-24)/16. Let l(t) = t**3 - 4*t**2 + 4*t - 5. Let r be l(n). Let q(u) = -u**2 - 3*u - 1. Calculate q(r).
1
Let i(z) = 4859*z - 9825*z - 71 + 4904*z. Give i(-1).
-9
Suppose 0 = 3*x + 4 - 19. Let a(c) = 49*c - 9. Let w(g) = 139*g - 26. Let l(f) = -17*a(f) + 6*w(f). What is l(x)?
2
Let b(d) be the first derivative of 9*d**2/2 - 5*d - 4081. Calculate b(-3).
-32
Let i = 9 - 4. Let t(z) = -14*z - 35. Let p(y) = -25*y - 65. Let u(f) = 6*p(f) - 11*t(f). Calculate u(i).
15
Let j be 24 + (-4 - -4) - 4. Suppose 2*v = -24 + j. Let w(z) = -8*z + 1. Calculate w(v).
17
Let p(j) = -8*j + 89. Let n(d) = -72*d**2 + 374*d - 59. Let t be n(5). What is p(t)?
1
Let n(h) = h**3 + 4*h**2 + 4*h - 1. Suppose -113 = -8*t + 39. Suppose 0 = -y + 4*s + 11, -2*y - s = -6*s - t. Suppose -y*z + 3 = -8*z. What is n(z)?
-4
Suppose 0 = 4*g + 6 + 6, 4*g = v + 38. Let l be (-2)/(-2) + v/(-5) + -12. Let u(f) = -13*f**2 + f + 1. Give u(l).
-13
Let v(u) = 2*u + 60. Let f = 24142 - 24158. What is v(f)?
28
Let o(n) = n**3 + 5*n**2 - 7*n - 1. Let b(d) = 4*d - 3. Let a be b(2). Let j(c) = c - 1. Let l(q) = a*j(q) + o(q). Calculate l(-5).
4
Let f(a) = 18 + a - 8 - 9. Let k(h) = 4. Let s(g) = 3*f(g) - k(g). Let z be (-1)/(-2) + (-69)/(-46). What is s(z)?
5
Let o(m) = 3*m - 3. Let h(u) = 2*u**2 - u + 10. Let f be h(-6). Let r = 41 - f. Let n = r - -44. Determine o(n).
-12
Let a(s) be the first derivative of s**7/840 + s**6/90 - s**5/60 - s**4/4 - 73*s**3/3 + 65. Let u(i) be the third derivative of a(i). Give u(-4).
2
Let i(y) be the second derivative of y**4/12 + 3*y**3/2 + 11*y**2/2 - 28996*y. Let q = 4 - 12. Determine i(q).
3
Let j(a) be the first derivative of -a**7/210 + a**6/180 - a**5/60 + a**4/24 + 4*a**3 + 173. Let n(q) be the third derivative of j(q). Calculate n(1).
-3
Let w(t) = t**3 + 24*t**2 + 3. Let g be w(-24). Suppose a - 7 = 5*h, 0 = -g*a - 3*h + 3. Let b(u) = -3*u**3 - 3*u + 0 + a + 4*u**3 + 2 + u**2. Give b(-3).
-5
Let q(s) = s**2 + 2. Suppose 2*v = -v + 117. Let w = 35 - v. Let h(l) = 1. Let u(n) = w*h(n) + q(n). Give u(-2).
2
Let b = -44 + 45. Suppose 2*f - 3 - b = 0. Suppose -f = 3*y + 13. Let q(n) = n**3 + 5*n**2 + n + 4. Calculate q(y).
-1
Let b(m) = m**2 - 2*m + 3. Let n(s) = -3*s**2 + 7*s - 10. Let j(p) = -7*b(p) - 2*n(p). Let o(k) be the first derivative of j(k). Let i = 8 + -1. What is o(i)?
-14
Let j(u) = 4*u**2 - u**2 - 2*u**2 - 9*u. Let f(n) = n**2 + 10*n + 30. Let r be f(-6). Calculate j(r).
-18
Suppose 4*s - 4*t - 48 = 0, 4*t = -19*s + 34*s - 114. Let z(r) = -9*r + 47. Give z(s).
-7
Let i(h) = h**3 - 4*h**2 + 4*h + 1. Suppose 4*f - 5*f + 11 = 0. Suppose 32 = 3*l + f. Suppose -5 - l = -4*t. Calculate i(t).
4
Let o(u) = -15*u + 30. Let f(i) be the second derivative of 2*i**3/3 - 7*i**2/2 - 3*i - 7. Let l(v) = -9*f(v) - 2*o(v). Give l(2).
-9
Suppose -4*l - 12 = -l. Let f(s) = -8*s**2 + 11*s + 6. Let h(k) = -11*k**2 + 13*k + 7. Let q = -38 + 41. Let v(i) = q*h(i) - 4*f(i). Determine v(l).
1
Suppose 70*q + 1696 = 54*q. Let w = q - -110. Let h(b) = -b**3 + 4*b**2 - 1. Calculate h(w).
-1
Let g(n) be the third derivative of n**5/60 - 3*n**4/8 - n**3 - 2*n**2. Let b = 33118 + -33109. Determine g(b).
-6
Let t(a) = 24*a - 981. Let y be t(41). Let b(s) = s**3 - 4*s**2 - s - 2. Determine b(y).
-14
Let m = -4324 - -4319. Let i(y) = y**3 + 5*y**2 + 4*y + 7. Calculate i(m).
-13
Suppose 4*b - p - 64 = 5, 27 = b + 3*p. Suppose 2*y + b = -d + 5*d, -10 = 2*y. Let w(g) = 2*g + 3 + 0 + g**d + g - 6*g. Determine w(3).
3
Let m(a) = 3*a**2 - 4*a + 5. Let y(n) = -3 + 5*n - 784*n**2 + 394*n**2 + 385*n**2. Let d(w) = -3*m(w) - 2*y(w). Calculate d(-5).
6
Let m(c) = -c**3 + 16*c**2 - 16*c - 19. Let i be (((-5)/1)/1)/(5*(-16)/240). Calculate m(i).
-34
Let d(g) = -5 + 5 + 7 - g. Let k(a) = a**3 - a**2 + 7*a + 10. Let u be -5 + 0 + (-15)/(-3). Let t be k(u). Calculate d(t).
-3
Let k be (-1 + (-32)/3)*(-48)/(-4). Let t = k - -139. Let j(d) = -12*d**2 + 1. Give j(t).
-11
Let u = -18 + 38. Suppose 0 = 22*m - 17*m - u. Let s(b) = -5*b**3 - 8*b + 1. Let q(f) = 4*f**3 + f**2 + 7*f. Let n(h) = m*q(h) + 3*s(h). Calculate n(-3).
0
Let n(t) = 62*t - 101. Let b(p) = -21*p + 23. Let w(h) = 7*b(h) + 2*n(h). Calculate w(-2).
5
Let w(z) be the third derivative of -5*z**4/12 + 67*z**3/6 - 290*z**2. Determine w(8).
-13
Suppose 3*o - 29 = -4*k - 50, -5*o - 20 = 5*k. Let v(b) = 18*b + 149. What is v(k)?
-13
Let l(d) = 4*d**3 + 8*d**2 - d + 3. Let a(n) = -7*n**3 - 14*n**2 + 2*n - 5. Let w be (-10 + 9)*15/3. Let q(u) = w*l(u) - 3*a(u). Calculate q(2).
14
Let n(j) = -4020 + 16*j + 8029 - 4065. Determine n(3).
-8
Let i(w) be the third derivative of -w**7/840 + w**5/120 - w**4/12 - 21*w**3/2 - 134*w**2. Let u(b) be the first derivative of i(b). Give u(0).
-2
Let s(l) = -4 - 419*l - 1 + 416*l - 2. Give s(0).
-7
Let l(q) be the third derivative of 0*q**3 + 0 - 1/60*q**5 - 1/4*q**4 - q**2 - 9*q. Give l(-8).
-16
Let r(a) = -a**2 + 9*a + 29. Let h be r(11). Let p(j) = -2*j**3 - 13*j**2 - j - 9. Let w(f) = f**3 + 7*f**2 + f + 5. Let d(s) = h*w(s) + 4*p(s). What is d(-4)?
3
Let o(l) = -16*l - 65. Let f(y) be the first derivative of 11*y**2/2 + 42*y + 95. Let k(s) = 7*f(s) + 5*o(s). What is k(-9)?
-4
Let g = 110 + -83. Suppose 16*j = 5*w + 19*j + 29, g = -5*w - 4*j. Let y(d) = d**3 - 2*d**3 - 8*d**2 - 4*d - 8 - 6*d. Give y(w).
13
Suppose -3*f = -12*f. Suppose f = 3*p - 2*t + 4*t - 22, 0 = -2*t + 4. Let v(b) = 3*b**2 - 4*b - p*b + b**3 - 8 + 5*b**2. Calculate v(-9).
1
Let u(h) = 77*h**2 - 98*h - 62. Let x(k) = -k**3 + 151*k**2 - 177*k - 124. Let d(q) = -5*u(q) + 3*x(q). Give d(22).
4
Let x(c) be the third derivative of c**5/10 + c**4/24 + c**2. Suppose 2 = 4*u + f, -12*u + 7*u - 4*f - 3 = 0. Calculate x(u).
7
Let t(c) = -c**2 - c - 1. Let f(a) = -2*a**2 + 7*a - 3. Let j(p) = f(p) - t(p). Let y be (1/1 + -9)*627/(-44). Suppose 36*s - 102 = y. Calculate j(s).
10
Suppose -a - 4 = -83. Let d = a + -62. Let o = 16 - d. Let s(n) = 13*n. What is s(o)?
-13
Let x(q) = 2*q**2 - 12*q + 2.